{"id":7,"date":"2012-10-30T16:59:02","date_gmt":"2012-10-30T16:59:02","guid":{"rendered":"http:\/\/www.confiaruruguay.coop\/Confiarwp\/?page_id=7"},"modified":"2021-10-20T09:45:32","modified_gmt":"2021-10-20T12:45:32","slug":"servicios","status":"publish","type":"page","link":"http:\/\/www.confiaruruguay.coop\/site\/?page_id=7","title":{"rendered":"Contacto"},"content":{"rendered":"\n<h2 class=\"wp-block-heading\">CONFIAR<br><strong>RED FINANCIERA COOPERATIVA <\/strong><\/h2>\n\n\n\n<p>Avenida 18 de Julio 1645, piso 1\u00ba<br>Montevideo, Uruguay<\/p>\n\n\n\n<p><strong>Tel\u00e9fono:<\/strong>(598) 2 402 17 47 (interno 210)<br><strong>Mail<\/strong>: <a href=\"mailto:confiar@adinet.com.uy\">confiar@adinet.com.uy <\/a><\/p>\n\n\n\n<h2 class=\"wp-block-heading\">CACSON<br><strong>COOPERATIVA DE AHORRO Y CR\u00c9DITO SUB OFICIALES NAVALES<\/strong><\/h2>\n\n\n\n<p>Mercedes 1029<br>Montevideo, Uruguay<\/p>\n\n\n\n<p><strong>Tel\u00e9fono:<\/strong> 29033390<br><strong>Mail:<\/strong> <a href=\"mailto:Info@cacson.com.uy\">Info@cacson.com.uy<\/a><\/p>\n\n\n\n<h2 class=\"wp-block-heading\">COOPERATIVA ARTIGAS<br><strong>SOCIEDAD DE AHORRO Y CREDITO COOPERATIVA JOSE ARTIGAS<\/strong><\/h2>\n\n\n\n<p>18 de julio 1645 piso 1<br>Montevideo, Uruguay<\/p>\n\n\n\n<p><strong>Tel\u00e9fono:<\/strong> 24028470<br><strong>Mail<\/strong>: <a href=\"mailto:info@cooperativaartigas.com.uy\">info@cooperativaartigas.com.uy<\/a><\/p>\n","protected":false},"excerpt":{"rendered":"<p>CONFIARRED FINANCIERA COOPERATIVA Avenida 18 de Julio 1645, piso 1\u00baMontevideo, Uruguay Tel\u00e9fono:(598) 2 402 17 47 (interno 210)Mail: confiar@adinet.com.uy CACSONCOOPERATIVA DE AHORRO Y CR\u00c9DITO SUB OFICIALES NAVALES Mercedes 1029Montevideo, Uruguay Tel\u00e9fono: 29033390Mail: Info@cacson.com.uy COOPERATIVA ARTIGASSOCIEDAD DE AHORRO Y CREDITO COOPERATIVA JOSE ARTIGAS 18 de julio 1645 piso 1Montevideo, Uruguay Tel\u00e9fono: 24028470Mail: info@cooperativaartigas.com.uy<\/p>\n","protected":false},"author":5,"featured_media":0,"parent":0,"menu_order":5,"comment_status":"open","ping_status":"open","template":"","meta":{"footnotes":""},"class_list":["post-7","page","type-page","status-publish","hentry"],"_links":{"self":[{"href":"http:\/\/www.confiaruruguay.coop\/site\/index.php?rest_route=\/wp\/v2\/pages\/7","targetHints":{"allow":["GET"]}}],"collection":[{"href":"http:\/\/www.confiaruruguay.coop\/site\/index.php?rest_route=\/wp\/v2\/pages"}],"about":[{"href":"http:\/\/www.confiaruruguay.coop\/site\/index.php?rest_route=\/wp\/v2\/types\/page"}],"author":[{"embeddable":true,"href":"http:\/\/www.confiaruruguay.coop\/site\/index.php?rest_route=\/wp\/v2\/users\/5"}],"replies":[{"embeddable":true,"href":"http:\/\/www.confiaruruguay.coop\/site\/index.php?rest_route=%2Fwp%2Fv2%2Fcomments&post=7"}],"version-history":[{"count":12,"href":"http:\/\/www.confiaruruguay.coop\/site\/index.php?rest_route=\/wp\/v2\/pages\/7\/revisions"}],"predecessor-version":[{"id":595,"href":"http:\/\/www.confiaruruguay.coop\/site\/index.php?rest_route=\/wp\/v2\/pages\/7\/revisions\/595"}],"wp:attachment":[{"href":"http:\/\/www.confiaruruguay.coop\/site\/index.php?rest_route=%2Fwp%2Fv2%2Fmedia&parent=7"}],"curies":[{"name":"wp","href":"https:\/\/api.w.org\/{rel}","templated":true}]}}